 + 7. Is h(6) composite?
False
Is (-2)/(3 + (-350)/115) a composite number?
True
Suppose 0 = 4*u - 5*o - 1253, 742 - 2302 = -5*u + 5*o. Is u a composite number?
False
Let w be ((-2)/(-4) + -2)*-2. Suppose 4*p + 90 = h, w*h = 4*p - 2*h + 82. Let n = 72 + p. Is n composite?
True
Let u = 142 + -45. Is u a composite number?
False
Suppose -568 = -4*t - 3*o, 1096 - 387 = 5*t + 4*o. Is t a prime number?
False
Let b(m) be the third derivative of m**7/2520 - 7*m**6/720 - m**5/24 + m**4/8 + 4*m**2. Let p(k) be the second derivative of b(k). Is p(8) a prime number?
True
Let q(p) = 2*p**2 - 17*p - 1. Is q(-8) composite?
False
Suppose 5*i + 217 = c + i, c - 217 = -2*i. Is c prime?
False
Suppose 2*p + 4 - 12 = 0. Suppose p*i - 46 = 774. Is i composite?
True
Suppose 4*u = -4*s + 216, 3 = s - 1. Suppose 0 = 4*n - 2*n - u. Is n composite?
True
Let q be (5/(-15))/((-1)/3). Is 15/6 - q/(-2) a composite number?
False
Let a = 1 - 2. Let s be -357*(-2 + (-3)/a). Let y = s + 520. Is y a composite number?
False
Suppose 0 = -3*b - 0*b - 27. Let c be ((-30)/b)/((-2)/(-57)). Suppose -4*o + c = -253. Is o a prime number?
False
Suppose -4*g = -p + 10 + 16, -5*p + 5 = 5*g. Suppose 3*v - 4*m = 20, p*v - 3*v + 20 = -4*m. Suppose l + 15 - 106 = v. Is l prime?
False
Suppose 3*b + 27 = -0*b. Let w = b - -158. Is w composite?
False
Suppose 3*w - w - 42 = 0. Suppose 2*m + m = -w. Let h(q) = q**3 + 8*q**2 + 7*q + 7. Is h(m) a composite number?
False
Let f be 812/3 - (-16)/(-24). Suppose f = 5*h + 5. Is h a composite number?
False
Is (370853/93)/(2/6) a composite number?
True
Let r = -3582 + 5361. Is r a prime number?
False
Let d be (-724)/(-16) + 2/(-8). Suppose 0 = -2*q - 4*m, -3*m + 8*m = 2*q - d. Suppose 4*s = w + 99, 0 = 2*s - w - 57 + q. Is s composite?
True
Suppose -3*t + t + 340 = 0. Suppose 0*c + 2*c = t. Is c prime?
False
Suppose 3*z = -2*q - 2, 2*z - 5*q = 11 + 13. Suppose 0 = -2*w + 2*g + 316, 0 = -z*w - 0*w - 2*g + 336. Is w a composite number?
False
Let h(a) = 4*a + 0*a + 3*a**2 + 7*a + 7. Is h(-7) a prime number?
False
Let a = -35 + 376. Is a a prime number?
False
Let p be 4*1/1 - 0. Suppose 0 = -3*s + 7*s + 2*i - 1550, 5*s - 1933 = -p*i. Is s a prime number?
True
Suppose 0 = d - 3*g + 165, -3*d - 4*g + 168 = -4*d. Let p = 61 - d. Is p prime?
False
Let r(f) = 9*f**3 - 6*f**2 + 10*f - 5. Let d(t) = 5*t**3 - 3*t**2 + 5*t - 3. Let j(x) = -7*d(x) + 4*r(x). Let s be (-2)/4 + (-9)/(-2). Is j(s) composite?
False
Let v(s) = -s**3 + s**2 - s + 3. Let g be v(0). Suppose g*c + 89 = -3*u + 4*u, 4*c = -5*u + 483. Is u composite?
True
Let l(t) = 1 + 21*t**2 - 6*t - 3*t + 8*t. Is l(-2) a prime number?
False
Suppose -4*p = -p - 45. Suppose -j + p + 100 = 0. Is j a composite number?
True
Let h(k) = -3*k - 6. Suppose -6*q + 12 = -9*q. Is h(q) composite?
True
Let n = 32 + -13. Is n prime?
True
Let m(v) = v**3 - 2*v**2 - 4*v + 2. Let h be m(3). Is 41 - (-1 - 3/h) prime?
False
Suppose 74 = j - 257. Is j composite?
False
Suppose n - 7*n = -1146. Is n composite?
False
Let g be 0/2*(-2)/(-4). Suppose m - 53 = -g*m. Is m a composite number?
False
Suppose -d + 766 = 53. Is d a composite number?
True
Let s = -7 + 7. Suppose -3*a - 2*b + 205 = s, 3*a - 175 - 5 = 3*b. Is a a composite number?
True
Is (86/3)/(10/15) a prime number?
True
Suppose 5*b = -0 + 15. Let t = b - 5. Let z = 25 + t. Is z composite?
False
Let z = 0 + 9. Let y = z + -3. Is y a composite number?
True
Suppose 0*u = 5*u - 1945. Is u a composite number?
False
Let u(k) = -12 - 35*k + 7*k + 5. Is u(-6) a prime number?
False
Suppose -3*l = 4*w - 215, -2*l + 268 = 2*l - 4*w. Let t = 1 - -1. Is (-6)/(-9)*l/t a prime number?
True
Suppose -3*l + 7 = -20. Let b = -8 + l. Is ((-31)/(-2))/b*2 prime?
True
Let g be (-22)/(-6) + 4/(-6). Suppose -223 = -g*p + 68. Is p prime?
True
Let f(c) = c**3 - 12*c**2 + 10*c - 10. Is f(15) a prime number?
False
Suppose -d = -3*d + 590. Is d a prime number?
False
Is (-1)/3 + 1666/21 prime?
True
Let i = 10 + -6. Suppose -4*p - 1725 = 5*y, -i*y + 2*y = -3*p - 1265. Let b = p - -606. Is b prime?
True
Let b be 1*(-1 + (-3 - 0)). Let h be (-1 - b)*(-4 + 5). Suppose 0 = -d + 18 + h. Is d prime?
False
Let l = -17 + 19. Suppose 1641 = 4*n + 5*f, 2*n + l*f - 1229 = -n. Is n a composite number?
False
Let c(w) = 78*w + 17. Suppose -5 = h - 3*f, -f = -4*h - 0*f + 24. Is c(h) a prime number?
True
Let f = 3 + -1. Let t = -16 - -28. Let y = f + t. Is y a prime number?
False
Suppose 4*t - n = -0*t + 1912, 469 = t + 2*n. Suppose 4*b = -x + 57, -5*x + t = b + 97. Is x a prime number?
False
Let y(u) = u**3 + 9*u**2 - 11*u + 3. Let w be 123/(-12) - (-1)/4. Is y(w) a prime number?
True
Suppose -214 - 373 = -k. Is k prime?
True
Suppose -z - 2 = l, -5*l + 0*l - 3*z = 6. Let c be (-3 + l)*4/6. Is (-29)/c - 2/(-4) composite?
True
Suppose -4*x - 3*u + 64 = 2*u, 0 = -4*x + 2*u + 64. Suppose -x = 4*k - 4*c, -k + 2*c + 0 = 4. Let w = k - -23. Is w a prime number?
True
Let f(w) = 15*w**3 + 16*w**2 - 7*w - 15. Let z(u) = 7*u**3 - 1 - 3 - 3 + 8*u**2 - 4*u. Let k(q) = -6*f(q) + 13*z(q). Is k(-8) a composite number?
False
Suppose 5*y - 609 = y - h, 0 = y - 3*h - 136. Let n = 300 - y. Is n composite?
False
Suppose 17*m - 1268 = 13*m. Is m a prime number?
True
Is -6*4/(8/(-29)) prime?
False
Let s be (-3 - 3) + -1 + 0. Let t(l) = -l**3 - 6*l**2 + 9*l + 10. Let y be t(s). Is 3/(-6) + (-214)/y a prime number?
True
Let p = 0 + 1. Let s be (-1*p)/((-1)/(-3)). Let m(g) = -2*g**3 - 4*g**2 + g - 1. Is m(s) prime?
False
Let i be 3*(3 + 14/(-6)). Suppose -i*g - 48 = -6*g. Suppose -3*o = -0*o - g. Is o prime?
False
Suppose 3*s - 130 - 149 = 0. Let o = s + -8. Is o a composite number?
True
Let h = 2 - 2. Suppose 2*w = -h*w + 148. Is w a composite number?
True
Let v(t) = t**2 - 8*t + 5. Let j be v(8). Suppose -5*x = -j*a + 15, 0*x - 10 = -2*a - 2*x. Suppose 69 = a*q - 575. Is q a prime number?
False
Let h = -38 + 74. Suppose -6*n - 4*u = -2*n - h, 4*n = u + 16. Is (1 - n)*(-15)/4 a composite number?
True
Let t(y) = 8*y**3 - 3*y**2 - 4*y + 3. Is t(4) composite?
True
Suppose -8521 = -5*v + 3*a, -2*a = 3*v + a - 5103. Is v prime?
False
Let u(o) = 2 + 2 + 3 + 6*o. Is u(7) a composite number?
True
Let u(g) = 10*g**3 + 5*g**2 - 6*g + 1. Let k(h) = 9*h**3 + 4*h**2 - 5*h + 1. Let v(i) = 6*k(i) - 5*u(i). Let w be v(1). Suppose w*m - 295 = 117. Is m composite?
False
Suppose 0 = -5*v - 1 + 16. Is 2652/9 + v/9 prime?
False
Suppose -4*x + 4*z - 4 = 0, -4*x - x = -2*z - 7. Let l = 5 + -5. Suppose -x*s = -3*v - 6 + 93, l = -5*v - 5*s + 185. Is v prime?
False
Suppose -2*i + 15 = 5. Let w(n) = n**3 - n**2 - 9*n - 4. Is w(i) a prime number?
False
Suppose -3*o + 19 = 4. Is -8 + o + 8 + -1 a prime number?
False
Is (-2 - -22)*1641/12 composite?
True
Let n = -6 + 8. Suppose -r - q + 2 = 0, -4*r + 2*q + n*q + 24 = 0. Suppose 5*d + 32 = 2*u, r*u + 3*d - 86 = 2*d. Is u prime?
False
Let g(y) = y + 11. Let a be g(-7). Let z(u) = -3*u + 1 + 2*u + 8*u**2 - 2*u + a*u. Is z(2) prime?
False
Let w = 1124 - 573. Is w composite?
True
Let k be (2 + 3)/(3/138). Suppose -m - 84 + k = 0. Is m a prime number?
False
Let d = 576 + -365. Is d a prime number?
True
Suppose 0 = 3*d - 4*v + 8, -2*d + 0*d - 13 = 5*v. Let x be (d - -10)*(-1)/(-2). Is (-9)/(-12)*x*4 prime?
False
Suppose -y + u = -234, -5*y + 2*y + 2*u + 703 = 0. Is y prime?
False
Suppose 4*a - 3*a - 30 = -2*i, 2*i + 5*a = 38. Suppose 9*d + 895 = i*d. Is d a prime number?
True
Suppose 0 = 34*d - 27*d - 777. Is d a composite number?
True
Let p(n) = 31*n**2 + n + 2. Let r be p(-1). Suppose -l = -j - r, -j + 92 = 2*l + l. Is l a prime number?
True
Is (-816)/(-14) + 4/(-14) a prime number?
False
Suppose 0*w = -3*w. Suppose 199 = -w*g + g. Is g composite?
False
Suppose -2*r + 5*z = -25, 2*r + 2*r = 4*z + 32. Suppose -a = r*g - 63, g = -2*a + 2*g + 104. Is a a composite number?
False
Is (-2 - 1 - 38)*-3 a composite number?
True
Suppose 3*h + 3*b - 54 = 0, 0 = 2*h - 0*b - 3*b - 31. Is (3 - h)*141/(-6) a composite number?
True
Suppose 2*j = -3*j - 110. Let z = 177 - j. Is z a composite number?
False
Let h(g) = g**3 + 6*g**2 + 9*g - 1. Let y(a) = -a**3 - 7*a**2 - 9*a + 1. Let o(w) = -3*h(w) - 4*y(w). Is o(-8) prime?
False
Suppose -3*a - 2*d = 2*d - 26, -5*a = d - 15. Suppose 0 = -a*p + 10. Suppose -p*j = 2*n - 103, -2*n + 4 = 2*j - 42. Is j 